 - 6*o + 5*p = -15. Let m(l) = -l**3 + 10*l**2 + 2*l - 17. Let j be m(o). Let r(d) = d - 3. Give r(j).
0
Let h(w) be the third derivative of w**6/120 - w**5/12 + w**4/12 + 2*w**3/3 - w**2. Let d = 2014 + -2011. What is h(d)?
-8
Let s(t) = 8*t**3 - 13*t**2 - t - 35. Let o(j) = -3*j**3 + 4*j**2 + 12. Let g(y) = 11*o(y) + 4*s(y). Suppose 0 = 15*q - 13*q + 16. What is g(q)?
24
Let q(m) be the third derivative of -m**6/120 - m**5/10 + m**4/4 - m**3 + 119*m**2. Calculate q(-7).
1
Suppose 0 = 3*z + 3 + 3. Let f(c) = -16*c + 1. Let h(s) = 51*s - 4. Let r(j) = -3*f(j) - h(j). Determine r(z).
7
Let s(k) = -11*k**2 - 5*k - 12. Let f(q) = -9*q**2 - 3*q - 11. Let p(r) = -6*f(r) + 5*s(r). What is p(4)?
-38
Suppose -3*p - b = -0*b + 28, -26 = 3*p - b. Let n(z) = 3 - 1 + 5 - 3*z - 5*z - z**2. Let r be n(p). Let o(q) = 9*q + 1. What is o(r)?
-17
Let r(a) = a. Suppose -v - 17 = -5*m, -6*m + 4*m = -4*v + 4. Suppose -4*w = -l - 19, 0*l + 8 = v*w - 2*l. Determine r(w).
6
Let r(a) = a - 2. Suppose 28 = 6*v + v. Give r(v).
2
Let k(u) = -7*u - u**3 + 9*u**2 + 4 + 2*u + 3 - 16*u**2. Let h be k(-6). Suppose h = -4*j - 3. Let t(r) = -r**2 - r + 1. Give t(j).
1
Let k = 1 + 1. Let b(f) be the first derivative of f**5/40 - f**3 - 4. Let i(w) be the third derivative of b(w). What is i(k)?
6
Suppose 110 + 7 = -13*r. Let l(i) = -i + 4. Calculate l(r).
13
Let h(j) = 10*j - 17. Let g(c) = -5*c + 8. Let r(o) = 9*g(o) + 4*h(o). Let b(p) = 1. Let q = 2 - 3. Let z(w) = q*r(w) + 6*b(w). Give z(-2).
-8
Let m(q) be the second derivative of q**6/360 + q**5/40 - 25*q**4/12 + 24*q. Let o(t) be the third derivative of m(t). Calculate o(4).
11
Let j(h) be the second derivative of 7*h**3/6 - h**2 + 3*h - 28. Give j(2).
12
Let m(n) = -5*n - 2. Let g(h) = 24*h + 7. Let b(r) = g(r) + 5*m(r). Calculate b(7).
-10
Let t(d) be the third derivative of -d**6/360 + d**5/120 + 5*d**4/12 - 5*d**3/3 - 6*d**2. Let w(c) be the first derivative of t(c). Give w(0).
10
Suppose 5*r - 5 + 0 = 0, 4*b - 4*r = 4. Let f(p) = -2045 - 2049 - p + 4096. Give f(b).
0
Let z(w) = 2*w**3 + 2*w**2 - 2*w. Let l be z(-2). Let n(o) be the second derivative of 3*o**2 + 1/3*o**3 + 28*o - 2. What is n(l)?
-2
Let c = 12 - 4. Let g(j) = -1 + 26*j - c*j - 17*j. Give g(-6).
-7
Let t(k) = -2*k**2 - 7*k - 8. Let m = 2182 + -2187. Calculate t(m).
-23
Let v(q) = q**3 - 7*q**2 + 6*q + 4. Let n be v(6). Let h be (-12 + 0)*n/8. Let y(a) = -a**3 - 6*a**2 + a + 7. Give y(h).
1
Let m(r) = -r**2 + 2*r. Let t = -69 - -100. Let c = t + -28. What is m(c)?
-3
Suppose -s - 2 = -6. Suppose 0*u = -s*u - 12. Let a(x) = 2*x + 3. Give a(u).
-3
Let g be 1 + (-2)/(-6)*0. Suppose 12*v + g = 11*v. Let l(u) = u + 3 - 2 + 10*u. Give l(v).
-10
Let b be ((-70)/7)/((-1)/6). Let c be (-156)/b - (-2)/(-5). Let s be -1 - ((-5 - c) + -2). Let a(p) = -p**3 + 2*p**2 + 3*p - 3. Determine a(s).
-3
Let o(l) = -l**3 - 3*l**2 - 4*l - 4. Let r be 1/((-4)/(-18) + 104/(-144)). Give o(r).
0
Let a be 4/(-16) - 7/4. Let o(x) be the first derivative of 3*x**2/2 - x - 8. Let w(r) = 13*r - 5. Let c(h) = 9*o(h) - 2*w(h). Give c(a).
-1
Let u(v) = -v**3 + 4*v**2 + 6*v + 4. Let x(o) = o**2 + o + 1. Let m(c) = u(c) - 2*x(c). Let a be -5*2/(-40) - (-15)/4. Give m(a).
-14
Let z(l) = -l + 5. Let c be 14/49*1 + (-40)/(-7). What is z(c)?
-1
Suppose -11 = -3*l - 53. Let w = l + 15. Let x(f) = -7*f**3 + 2*f**2 - f. Give x(w).
-6
Let d(s) be the third derivative of -s**8/4032 + s**6/720 - s**5/15 + 23*s**2. Let b(z) be the third derivative of d(z). Determine b(-1).
-4
Let n(j) = 2*j**2 + 5*j + 7. Let t(b) = -b**2 - 3*b - 3. Suppose -s = 4*s - 5. Suppose 9 = 4*v + s. Let u(k) = v*n(k) + 5*t(k). Calculate u(-6).
-7
Suppose 0 = -3*u + 2*y + 40, -3*u + 15 = -4*u - 5*y. Suppose -5*i + 2 = -n + 2*n, -5*n = -i - u. Suppose -g = -n + 8. Let v(j) = j**2 + 6*j. What is v(g)?
0
Let m(x) = 7 + 12 + x + 3 - 21 + 4 - 2*x**2. Determine m(5).
-40
Let g(h) = -h**3 - 18*h**2 - 14*h + 24. Let v(o) = o**2 + 2*o - 160. Let q be v(11). Determine g(q).
-27
Let r(m) be the first derivative of -3*m**2/2 - 29*m + 521. Calculate r(-8).
-5
Suppose 0 = 4*d - 2*d - 2. Let n(s) = d - 9 + 2*s + 2. Suppose -5*i - 35 = -5*b - 15, -b = 4*i - 9. Determine n(b).
4
Let a(b) = -2*b + 1. Let h(n) = 1 - 4 - 5*n + 5 + 0. Let q(k) = -7*a(k) + 3*h(k). Calculate q(2).
-3
Let p(f) = 9*f - 1. Let v(l) = -l**3 - 11*l**2 + 25*l - 12. Let s be v(-13). Determine p(s).
8
Let f be (2 - 1)*((0 - -2) + -3). Let k(z) be the third derivative of -3*z**6/20 - z**5/60 + z**3/6 + 29*z**2. Give k(f).
18
Let w(n) = 21*n - 12. Let k be w(5). Suppose -4*y + 42 = -2*i, -2*y = 2*i + 3*i + k. Let o = 22 + i. Let b(x) = x**3 - 4*x**2 + 3*x - 2. Calculate b(o).
-2
Suppose -10*n = 420 - 60. Let h = -41 - n. Let f(c) = -c**3 - 6*c**2 - c + 1. Calculate f(h).
-19
Let g(a) = -a + 4. Let i be g(-5). Let m(f) = 9*f - 18 - i*f - 2*f + 5. Give m(-9).
5
Suppose -35 = -2*p + 37. Suppose 5*i - p = 2*i. Let s be -1 + i/(-4) + 4. Let o(d) = -d - 5. Determine o(s).
-5
Let v(x) be the second derivative of -4*x**3 + 3*x**3 - 167*x + 124*x. Give v(-2).
12
Let k(u) = 8*u + 5. Let x be (5 + 105/(-25))*(0 + -5). Give k(x).
-27
Let s = 1434 - 1426. Let x(f) = f**3 - 7*f**2 - 1. Determine x(s).
63
Let j(p) be the third derivative of 0*p**3 + 0*p + 0 + 8*p**2 + 1/24*p**4 + 1/60*p**5. What is j(-1)?
0
Let t(r) = -4*r + 0 - 2 - 3*r**2 + 2*r + r**3. Let n(y) = y**3 - 12*y**2 - 14*y + 17. Let q(f) = -f**2 + 14*f - 11. Let v be q(12). Let c be n(v). What is t(c)?
6
Suppose 4*h - 7*h = -15. Let w(t) = -t**3 + 4*t**2 + 3*t + 5. Let y be w(h). Let x(r) = -9*r - 27. Let k(o) = 4*o + 13. Let l(u) = 7*k(u) + 3*x(u). Give l(y).
5
Suppose -13*q + 69 = -22. Let m(k) be the first derivative of -5/2*k**2 - 6 - q*k - 1/3*k**3. What is m(-5)?
-7
Let o(c) be the third derivative of -c**5/60 + c**4/6 + 5*c**3/6 - 138*c**2. What is o(7)?
-16
Suppose -11*q - 26 = -70. Let c(i) = i**2 - 12*i + 3. Let a(b) = b**2 - 11*b + 3. Let l(t) = -4*a(t) + 3*c(t). Give l(q).
13
Suppose 0 = 5*j - 2*z - 237, z = -j - 0*j + 53. Let i be j/(-8) + 3/24. Let a(u) be the first derivative of -u**4/4 - 7*u**3/3 - 7*u**2/2 - 6*u + 4. Give a(i).
0
Let f(i) = -i**2 + 19*i + 31. Let b = 1180 - 1160. What is f(b)?
11
Let m(j) be the first derivative of -3*j**2 - 8*j + 203. Calculate m(-3).
10
Let d be 7*((-60)/40 + (-2)/(-4)). Let k(v) = v + 10. What is k(d)?
3
Let p(r) be the second derivative of r**5/20 + r**4/3 - 4*r**3/3 - 3*r**2 + 84*r. Calculate p(-5).
9
Let z(r) be the first derivative of -r**5/120 - r**4/6 + 4*r**3/3 - 8. Let q(v) be the third derivative of z(v). Give q(-4).
0
Suppose -5*v = v + 24. Let g(c) = -c**3 - 5*c**2 + 3*c + 4. Give g(v).
-24
Let j(i) be the third derivative of i**7/2520 - i**6/240 - i**5/60 - 29*i**4/24 - 50*i**2. Let a(l) be the second derivative of j(l). Calculate a(4).
2
Let r(k) = 5*k**2 - 1. Let v be r(-1). Suppose n = -2*s - 8, 3*n + 3 - v = -s. Let c(j) = -4 - 6*j**2 - 3 - 7*j + 2 - j**3. What is c(s)?
5
Let l(v) = -8*v - 2. Let j be (-6)/4 + 1 + (-20)/(-8). Give l(j).
-18
Suppose -5*y - 216 + 11 = 5*l, y - 3*l + 41 = 0. Let n = 40 + y. Let h(d) be the second derivative of 5*d**4/12 + d**3/6 + d. Calculate h(n).
4
Let c(l) be the second derivative of l**5/20 - l**4/6 - 7*l**3/6 - l**2/2 + 113*l + 1. What is c(3)?
-13
Let s(p) = -p**3 - 6*p**2 - 2*p - 9. Let j be s(-6). Let g(v) = -j + 13 - 2*v + 3*v. What is g(0)?
10
Let u = -30 - 53. Let f = u - -83. Let p(l) = l**3 - 6. Give p(f).
-6
Let d(n) = 3*n**2 + 7*n. Let j(r) = r**2 + r. Let a(y) = -d(y) + 2*j(y). Let b = -10 - -15. Suppose 0 = s + b + 1. What is a(s)?
-6
Suppose -7*v + 3*v = 20. Suppose 3*z - 268 = -3*j - 4, 5*z + 2*j = 434. Let d(i) = 5 + 91*i - z*i + 0*i**2 + i**2. Give d(v).
5
Let n(j) be the second derivative of -j**3/6 - 9*j**2/2 + 2*j + 52. Suppose 3*i + 5*o + 35 = 0, 4*i = i + 5*o + 5. Determine n(i).
-4
Suppose 5*z - 5 = -0. Let r(o) = -o**2 + o. Let p be (3 - -1)*(-6)/(-4). Let y(u) = 7*u**2 - 10*u + 3. Let s(h) = p*r(h) + z*y(h). What is s(4)?
3
Let o(f) = -4*f**2 - f. Let m = 2 - 0. Suppose -v = 2*i - 9, m*v - v - i + 6 = 0. Calculate o(v).
-3
Let x = -14 - -13. Let f be ((-1 - 3) + 0)/(-2). Let p(u) = 12*u**3 + u**2 - 4*u**f + 2*u**2. What is p(x)?
-13
Let r = -107 - -164. Let o(s) = 63*s - 110*s + r*s. Determine o(